 227, 2*c - j - 89 = 0. Is c a multiple of 18?
False
Let i = 119 - 169. Let t = 70 + i. Is 9 a factor of t?
False
Let m(y) = y - 7. Let b be ((-6)/(-5))/(-3)*-15. Let r be m(b). Is 17 a factor of r - ((-36)/2 + 0)?
True
Let u be 4/2 - 24/(-2). Let b = -1 + u. Does 5 divide b?
False
Let y(x) = 6 + 2*x - 6 + x**3 - 5*x**2 + 7. Let j be y(5). Let i = 37 - j. Is 15 a factor of i?
False
Suppose 1 = 2*x + 5. Let f be (52/8)/(x/4). Let u = -1 - f. Is u a multiple of 5?
False
Let b(x) = -x**2 - 6*x - 1. Suppose 4*n = -2*p + 6*p - 12, -2*n - 3*p = 16. Is 2 a factor of b(n)?
True
Is (110/(-25))/(4/(-10)) a multiple of 3?
False
Let t(p) = 2*p - 1 + 8 + 4 + 1. Is 13 a factor of t(13)?
False
Let u = 6 + -4. Let g be (1/(-3))/(u/(-6)). Suppose g = -t + 4. Is t a multiple of 2?
False
Suppose 0 = -5*l + 158 - 53. Suppose 3*b + l - 207 = 0. Is 21 a factor of b?
False
Suppose 36 = 9*m - 7*m. Is 3 a factor of m?
True
Let g = -44 - -15. Let o = 44 + g. Is 4 a factor of o?
False
Let z = 42 + -27. Suppose -z = -4*l - 3. Is l even?
False
Let c(x) = 19*x**2 + x + 1. Is 6 a factor of c(-1)?
False
Suppose -5*z + 0*t + 286 = -3*t, 0 = 5*z + 4*t - 307. Is z a multiple of 12?
False
Suppose -15 = 5*n, k = -3*k + 4*n + 28. Suppose 84 = k*o - o. Let j = o - -7. Is j a multiple of 9?
False
Let c(g) = 2. Let y(u) = 3*u. Let z(b) = -4*c(b) + 2*y(b). Let i be z(6). Suppose 3*l - 3*m = 17 + i, -l = -5*m - 19. Is 14 a factor of l?
True
Suppose 7*b = 12*b - 510. Does 12 divide b?
False
Suppose -2*r - 8 = -4*r. Does 7 divide ((-42)/(-15))/(r/10)?
True
Suppose 104 = 4*h + 4*h. Is h a multiple of 3?
False
Let h(b) be the first derivative of -b**2/2 + 9*b - 1. Does 3 divide h(5)?
False
Suppose 0 = 8*u - 6*u. Suppose -s - 5*t = -6*s + 160, u = 3*t. Is 32 a factor of s?
True
Let a be -8*(2 - 1 - 0). Let f = a - -16. Is f a multiple of 4?
True
Suppose y + 11 = 2*y. Suppose -v = -2*v + y. Is v a multiple of 3?
False
Let j be 1 + 3 + 312/3. Is ((-2)/(-6))/(2/j) a multiple of 3?
True
Suppose 5*l + 5 = 2*i, 2*i - 5*i + 2*l + 2 = 0. Suppose 2*t - 11 - 17 = i. Is 7 a factor of t?
True
Let w(m) = 8*m - 4. Is w(6) a multiple of 2?
True
Let z(c) = -3*c**2 - 6*c**2 - 12 - c**3 + 0*c**3 + 6*c. Let f be (-7 + 20 + -3)/(1/(-1)). Is 14 a factor of z(f)?
True
Let i(q) = -q**3 - 3*q**2 - 4*q - 6. Is i(-4) a multiple of 13?
True
Suppose 4*c - 1 = 5*t + 13, -c + 26 = -5*t. Let v = 6 + t. Suppose v*o + 168 = 4*o. Does 19 divide o?
False
Let k = 21 - -9. Is 11 a factor of k?
False
Suppose 0 = 21*k - 24*k + 216. Suppose -w = -0*w - k. Does 18 divide w?
True
Suppose 4*k - 4*l = 180, 0 = k - 5*l - 19 - 22. Does 9 divide k?
False
Let g be (-3)/(-3) - (1 + -15). Let p = -6 + g. Does 4 divide 1/3 - (-69)/p?
True
Let k(x) = -x - 5. Let u be k(-9). Suppose -2*s = n, 5*s = -u*n - 0*s + 3. Is 2 a factor of n?
True
Let d = 8 - -5. Suppose -6*t - d = -5*t. Let s(f) = -5*f - 16. Does 19 divide s(t)?
False
Let f(k) be the third derivative of k**5/60 - k**4/6 - k**3/2 + 5*k**2. Does 29 divide f(8)?
True
Suppose -5*h - 7 = -x, 5*x + 2*h - 119 = -h. Is x a multiple of 5?
False
Suppose 2*g - p = 8 + 1, -5*g + p + 27 = 0. Suppose -2*j + 4*u - 20 = 0, -3*u = -0*u + g. Let w = 1 - j. Is w a multiple of 15?
True
Suppose -4*g - 37 = g - 4*x, -4*g - 2*x - 40 = 0. Let d be ((-1)/(-3))/((-3)/g). Does 18 divide 1/d + -3 - -29?
False
Let a(d) = 11*d - 57. Is 2 a factor of a(7)?
True
Suppose 3*n - 4*n = -3. Suppose -5*l = -2*i - 111, 2*l - n*i - 44 = -2*i. Is 23 a factor of l?
True
Suppose -5*j + 300 = j. Let n = -14 + j. Is n a multiple of 12?
True
Is 14 a factor of (175/(-7))/(0 - 1)?
False
Let b = 13 - -19. Is b a multiple of 16?
True
Suppose -4*x + 2*b = b - 300, -5*b = -3*x + 208. Is x a multiple of 16?
False
Suppose 10*g = 11*g - 300. Suppose 4*t = -3*u + g, u + u = t + 200. Is 15 a factor of u?
False
Suppose 5*i - i + 4 = 0. Let g = i - 1. Is 6 a factor of 12 + g/1 + 2?
True
Let d(l) = l**3 - 5*l**2 - 10*l + 7. Let m be d(7). Let p = -18 + m. Is p a multiple of 17?
True
Let p = 0 + 5. Let d be (246/(-15))/((-1)/p). Let r = -36 + d. Is 23 a factor of r?
True
Let r(g) = -g**3 + 7*g**2 - 6*g + 5. Let b be r(6). Does 19 divide -3 - b/(15/(-99))?
False
Let i = 87 - 45. Is 11 a factor of i?
False
Let h be 6/(-6) - (-1 + -48). Suppose 5*d = 4*d + h. Does 16 divide d?
True
Suppose -5*w + 4*w - 1 = 0. Is 15 a factor of (2 - w) + (-4 - -61)?
True
Let z = 1 + 2. Suppose -z*q = -7*q + 48. Let s = 3 + q. Does 15 divide s?
True
Suppose 0 = 2*n + n - 6. Suppose -15 = -2*p - 3*p. Suppose -p*h = n*h - 20. Is h a multiple of 4?
True
Let y(z) = z**3 + 9*z**2 + z + 4. Is 8 a factor of y(-8)?
False
Suppose 7 = -x + 2*x. Does 7 divide x?
True
Let c(x) = -x**2 + x - 2. Let f(w) = -w. Let m be f(2). Let b be c(m). Let r(l) = l**2 + 5*l - 10. Is r(b) a multiple of 14?
True
Suppose -84 = -o - o. Does 31 divide o?
False
Let x(q) = q**3 + 22*q**2 + q + 49. Is 6 a factor of x(-22)?
False
Suppose 2*x + 10 = 0, 4*x - 8 = -2*b - 2. Is 9 a factor of b?
False
Let f(n) = -25*n**2 - n. Let v be f(1). Suppose -2*r + 7*r = -230. Let s = v - r. Does 10 divide s?
True
Let h(v) be the third derivative of v**6/120 - 2*v**5/15 + v**4/24 - v**3/3 + 9*v**2. Is h(9) a multiple of 31?
False
Let p(q) = 14*q**2 + 11*q - 15. Let g(x) = 5*x**2 + 4*x - 5. Let s(y) = -11*g(y) + 4*p(y). Does 8 divide s(6)?
False
Let z(k) = -4*k - 1. Let d(u) = -4*u - 1. Let p be -4*((-27)/12)/(-3). Let w(a) = p*d(a) + 2*z(a). Does 8 divide w(2)?
False
Let r(z) = -z**3 + z. Suppose 7 - 2 = -5*l. Let g be r(l). Does 17 divide g - (-1)/(2/34)?
True
Suppose 0 = -4*s + 7*s - 9. Suppose -27 = -s*w + 21. Is w a multiple of 8?
True
Suppose 7*z = 2*z + 20. Suppose 4*d = -2*y + 130, 5*d + z*y - 132 = d. Suppose 3*j - j = d. Is 8 a factor of j?
True
Suppose -4*g + 26 = 2*l, 1 = 2*g - 4*l + l. Suppose -3*j - 3*p + 75 = -0*p, 0 = -3*j + g*p + 35. Does 10 divide j?
True
Suppose -3*l - 145 + 21 = 5*z, -2*z = -5*l - 217. Let t = l - -99. Is t a multiple of 28?
True
Let k be 6/(-18) + 61/3. Let l = -2 + k. Is l a multiple of 12?
False
Suppose 0 = -f + 5*q + 26, 5*f - 5*q + 4*q - 58 = 0. Let w = f + 0. Does 5 divide w?
False
Suppose 4*k - 3*g = -7*g + 4, -4*k + g = -29. Is k a multiple of 6?
True
Let g be 42/(-9) - (-2)/(-6). Let z(k) = -3*k + 5. Is 10 a factor of z(g)?
True
Suppose 4*j + 4*b - 353 = 483, -1017 = -5*j + 2*b. Does 34 divide j?
False
Suppose 2*a - 12*a + 1830 = 0. Does 11 divide a?
False
Suppose -84 + 408 = f. Suppose 3*x + x = f. Does 22 divide x?
False
Let u = -77 - -115. Does 19 divide u?
True
Let q = 91 + -43. Suppose -l = -3*l - 3*c + q, -3*l = 4*c - 72. Does 12 divide l?
True
Let h = -7 + 11. Let i(p) = -p**3 + 1. Let k be i(-1). Suppose 2*o - 12 = -4*t, 3*o + k*t + h = 18. Is 4 a factor of o?
True
Let p be 0 - (3 + -2)*-1. Let k(x) = 8*x**2 + 6 - 6*x + p - 9*x**2. Is k(-6) a multiple of 4?
False
Suppose 0*i = -3*i + 99. Is i a multiple of 11?
True
Let z = -3 - -5. Let p = z + 0. Is 6 a factor of (1 + 3)*p + 0?
False
Suppose -4*u - s = s - 36, 4*s - 8 = 0. Does 12 divide u*(2 - 10/(-4))?
True
Does 2 divide (2/6)/(8/288)?
True
Suppose -3*b = -192 - 12. Is 11 a factor of b?
False
Let t(z) = -z - 8. Let j be t(-13). Suppose -j*k + 27 = -103. Is 10 a factor of k?
False
Let n be (-15 - -8)*240/(-7). Suppose 2*m = 6*m - 56. Does 3 divide n/56 + (-4)/m?
False
Let r(a) = a**3 + 2*a**2 - 5*a - 1. Does 5 divide r(2)?
True
Suppose -2*v + 302 = 4*s, -4*s + v + 297 = 2*v. Is 40 a factor of s?
False
Suppose -21 = d + 3*j + 2*j, -3*j = 4*d - 1. Let w be (-46)/6*(d + -1). Let g = w - -40. Is g a multiple of 11?
False
Let f(k) = -k**3 + 4*k**2 - 5*k + 5. Suppose -3*z + 2*d = -8, 0 = -z - 2*d + 1 + 7. Let v be f(z). Is 9 a factor of 6/(-3) + 1 - v?
False
Let r(o) = -6*o + 2. Is r(-2) a multiple of 14?
True
Let k = -24 - -64. Let d = k + -16. Is 8 a factor of d?
True
Let c(b) = 2 + 8 + b + 0 - 1. Let p be c(-9). Suppose 4*v + 79 = 5*n, -2*v - 30 = -2*n - p*v. Does 10 divide n?
False
Suppose 2*k = 4 - 0. Suppose -5*w = -w - 8. Does 4 divide (-4)/(k - 5/w)?
True
Let m = -7 + 12. Suppose -m*x = -2*c - 16, x - 2*c - 8 = -0*x. Suppose -x*i - 4*d = -8, 2*i + 4*d + 22 = 5*i. Does 3 divide i?
True
Let n be (6 + -3 - 8)*3. Let o = n + 21. Is 6 a factor of o?
True
Let w = -10 - -18. Let u be 22/w + 3/(-4). Suppose 5*g +